-1031 (base 4) to base 16.
-4d
Convert -10 (base 3) to base 8.
-3
What is -1 (base 13) in base 3?
-1
-1 (base 12) to base 14
-1
-8 (base 10) to base 14
-8
43 (base 13) to base 6
131
What is 3b (base 13) in base 11?
46
What is 10 (base 14) in base 10?
14
-11 (base 16) to base 5
-32
What is -423 (base 7) in base 15?
-e3
What is b (base 12) in base 11?
10
18c (base 14) to base 7
635
What is -4 (base 10) in base 16?
-4
What is -2 (base 15) in base 11?
-2
-71 (base 12) to base 3
-10011
-8 (base 16) to base 6
-12
Convert -30 (base 6) to base 14.
-14
-13 (base 11) to base 10
-14
Convert b2 (base 13) to base 6.
401
Convert 92 (base 14) to base 6.
332
What is 5 (base 13) in base 8?
5
Convert -6 (base 15) to base 11.
-6
What is -39 (base 10) in base 14?
-2b
What is -274 (base 8) in base 11?
-161
What is -1313 (base 5) in base 11?
-17a
Convert 100 (base 3) to base 15.
9
Convert 20 (base 4) to base 6.
12
1d (base 15) to base 9
31
What is -10 (base 2) in base 10?
-2
What is 6 (base 10) in base 13?
6
-10100 (base 2) to base 6
-32
What is 11 (base 3) in base 10?
4
0 (base 12) to base 9
0
Convert -210 (base 3) to base 2.
-10101
What is -3 (base 15) in base 5?
-3
41 (base 8) to base 6
53
What is -28 (base 12) in base 8?
-40
Convert -36 (base 8) to base 9.
-33
What is -3 (base 13) in base 9?
-3
What is 6 (base 7) in base 6?
10
Convert 14 (base 9) to base 7.
16
What is -27 (base 13) in base 3?
-1020
What is 4 (base 13) in base 11?
4
Convert 10000 (base 2) to base 5.
31
12 (base 7) to base 8
11
1 (base 9) to base 3
1
What is 58 (base 16) in base 14?
64
What is 212 (base 3) in base 4?
113
Convert 42 (base 5) to base 13.
19
Convert -7 (base 10) to base 5.
-12
-12 (base 15) to base 14
-13
Convert -1011 (base 2) to base 8.
-13
Convert 0 (base 14) to base 10.
0
22 (base 12) to base 14
1c
-5 (base 12) to base 15
-5
What is -2 (base 7) in base 10?
-2
Convert -2 (base 6) to base 12.
-2
Convert 48 (base 11) to base 13.
40
Convert -21 (base 6) to base 12.
-11
Convert -26 (base 7) to base 14.
-16
-31 (base 5) to base 14
-12
What is 6 (base 7) in base 11?
6
-111101 (base 2) to base 5
-221
Convert -11100 (base 2) to base 7.
-40
What is -123 (base 5) in base 6?
-102
What is -1 (base 5) in base 6?
-1
What is -104 (base 6) in base 4?
-220
Convert -7 (base 13) to base 5.
-12
Convert -43 (base 5) to base 8.
-27
What is -110 (base 2) in base 12?
-6
0 (base 8) to base 6
0
38 (base 9) to base 6
55
-25 (base 10) to base 14
-1b
What is -24 (base 10) in base 2?
-11000
Convert 24 (base 5) to base 6.
22
What is 1101 (base 2) in base 13?
10
What is -3 (base 8) in base 2?
-11
100 (base 2) to base 8
4
What is -4 (base 16) in base 10?
-4
What is 3 (base 13) in base 10?
3
Convert 253 (base 8) to base 15.
b6
Convert -1300 (base 5) to base 15.
-d5
What is 1 (base 13) in base 3?
1
Convert a (base 13) to base 12.
a
What is -16 (base 7) in base 8?
-15
Convert 230 (base 7) to base 8.
167
What is -52 (base 14) in base 7?
-132
What is -12 (base 4) in base 8?
-6
What is -43 (base 5) in base 16?
-17
Convert -88 (base 14) to base 11.
-aa
Convert -52 (base 9) to base 4.
-233
What is 10121 (base 3) in base 14?
6d
What is -12 (base 16) in base 14?
-14
What is -a3 (base 15) in base 7?
-306
What is -28 (base 9) in base 7?
-35
What is 21 (base 16) in base 10?
33
101 (base 4) to base 16
11
Convert 4 (base 5) to base 10.
4
What is -4 (base 5) in base 11?
-4
31 (base 4) to base 14
d
Convert -8 (base 16) to base 12.
-8
What is -10101010 (base 2) in base 4?
-2222
What is 3 (base 13) in base 12?
3
-17b (base 13) to base 2
-100001111
What is -7 (base 9) in base 14?
-7
What is -10 (base 4) in base 3?
-11
Convert 100 (base 2) to base 5.
4
Convert 0 (base 12) to base 13.
0
4 (base 12) to base 6
4
What is 6 (base 13) in base 6?
10
-96 (base 11) to base 8
-151
Convert -2131 (base 4) to base 11.
-133
Convert 3 (base 9) to base 2.
11
-5 (base 12) to base 8
-5
-1010010 (base 2) to base 4
-1102
What is -13 (base 14) in base 2?
-10001
Convert -4 (base 5) to base 3.
-11
Convert -7 (base 9) to base 8.
-7
Convert -101 (base 2) to base 10.
-5
Convert 21 (base 3) to base 7.
10
What is -3 (base 12) in base 14?
-3
-123 (base 13) to base 2
-11000110
Convert -82 (base 10) to base 4.
-1102
1 (base 8) to base 14
1
What is -2 (base 13) in base 12?
-2
121 (base 3) to base 4
100
-61 (base 7) to base 9
-47
What is 6b (base 13) in base 4?
1121
-110111 (base 2) to base 16
-37
What is 111 (base 4) in base 12?
19
What is 11 (base 2) in base 12?
3
Convert -1 (base 9) to base 13.
-1
Convert -1 (base 10) to base 11.
-1
Convert -27 (base 16) to base 4.
-213
-10 (base 2) to base 12
-2
13 (base 8) to base 4
23
Convert -107 (base 11) to base 8.
-200
What is -132 (base 4) in base 14?
-22
What is -6 (base 10) in base 7?
-6
0 (base 2) to base 16
0
Convert -2 (base 9) to base 5.
-2
What is 25 (base 6) in base 11?
16
Convert 6 (base 14) to base 10.
6
Convert 6 (base 7) to base 14.
6
What is -6 (base 16) in base 7?
-6
What is -2022 (base 4) in base 11?
-116
Convert -40 (base 6) to base 12.
-20
Convert -38 (base 10) to base 8.
-46
What is 6 (base 10) in base 7?
6
-221 (base 4) to base 9
-45
Convert 21 (base 4) to base 7.
12
5 (base 16) to base 15
5
What is 47 (base 10) in base 4?
233
11000 (base 2) to base 10
24
What is -325 (base 6) in base 10?
-125
Convert -115 (base 8) to base 16.
-4d
What is -80 (base 15) in base 5?
-440
Convert -220 (base 7) to base 14.
-80
What is 40 (base 8) in base 7?
44
Convert -39 (base 13) to base 6.
-120
What is -234 (base 6) in base 13?
-73
100122 (base 3) to base 13
170
What is 313 (base 6) in base 16?
75
What is -58 (base 12) in base 16?
-44
What is -11a (base 14) in base 13?
-13c
27 (base 9) to base 7
34
b1 (base 13) to base 2
10010000
-1 (base 10) to base 7
-1
What is 3 (base 10) in base 5?
3
-3 (base 8) to base 2
-11
Convert 0 (base 8) to base 14.
0
What is -1010 (base 2) in base 4?
-22
1c (base 16) to base 6
44
What is -27 (base 8) in base 5?
-43
Convert 12 (base 4) to base 15.
6
Convert 23 (base 16) to base 11.
32
What is -20 (base 3) in base 12?
-6
-6 (base 13) to base 12
-6
-53 (base 8) to base 12
-37
-101 (base 3) to base 7
-13
What is -21 (base 7) in base 8?
-17
What is 61 (base 10) in base 8?
75
What is 112 (base 4) in base 14?
18
-11 (base 7) to base 8
-10
Convert 424 (base 6) to base 15.
aa
Convert -15 (base 10) to base 13.
-12
Convert -16 (base 14) to base 11.
-19
Convert -1 (base 4) to base 6.
-1
What is 18 (base 13) in base 9?
23
9 (base 14) to base 4
21
What is -82 (base 12) in base 3?
-10122
Convert -5 (base 11) to base 10.
-5
Convert 1 (base 11) to base 5.
1
What is -1a (base 12) in base 2?
-10110
2c (base 15) to base 6
110
What is -9 (base 16) in base 14?
-9
What is 352 (base 6) in base 7?
260
Convert a (base 13) to base 9.
11
What is -41 (base 11) in base 14?
-33
Convert 120 (base 3) to base 2.
1111
What is 1 (base 7) in base 13?
1
What is -6 (base 13) in base 7?
-6
Convert 70 (base 9) to base 6.
143
-53 (base 14) to base 6
-201
What is 11 (base 2) in base 11?
3
What is -23 (base 11) in base 16?
-19
-10 (base 11) to base 8
-13
What is -10 (base 3) in base 7?
-3
Convert -4 (base 10) to base 4.
-10
-32 (base 10) to base 5
-112
-1 (base 5) to base 2
-1
Convert -4 (base 15) to base 7.
-4
What is 12221 (base 3) in base 4?
2200
Convert -11101011 (base 2) to base 3.
-22201
What is -221 (base 10) in base 11?
-191
What is 1301 (base 5) in base 14?
105
Convert 142 (base 5) to base 11.
43
d (base 14) to base 13
10
What is 1c (base 16) in base 5?
103
What is 10 (base 11) in base 12?
b
Convert -2 (base 6) to base 5.
-2
-10 (base 5) to base 15
-5
What is -4 (base 11) in base 14?
-4
Convert 3102 (base 4) to base 2.
11010010
Convert -4 (base 15) to base 12.
-4
Convert -10 (base 4) to base 7.
-4
Convert 12122 (base 3) to base 5.
1102
Convert 142 (base 5) to base 3.
1202
Convert 3 (base 8) to base 13.
3
What is -46 (base 8) in base 10?
-38
Convert 1 (base 12) to base 9.
1
-1b (base 13) to base 7
-33
Convert -120 (base 11) to base 3.
-12022
Convert -12 (base 4) to base 8.
-6
Convert a9 (base 15) to base 5.
1114
11 (base 3) to base 9
4
Convert 13 (base 6) to base 15.
9
10 (base 6) to base 11
6
What is -1 (base 14) in base 16?
-1
Convert 3 (base 15) to base 14.
3
-4 (base 14) to base 12
-4
What is 20 (base 3) in base 13?
6
